 = -5*c + 22, 0 = -4*c + c + 12. Let o(n) = -n**3 - 9*n**2 - 7*n + 10. What is the remainder when o(-8) is divided by s?
0
Suppose -3*i - 4*n = -53, i - 18 = 3*n - 4*n. Let p = -213 + 218. What is the remainder when i is divided by p?
4
Suppose -3*m = -p + 123, -22 + 28 = -3*m. Calculate the remainder when p is divided by 40.
37
Suppose -10*m + 171 = -229. What is the remainder when 199 is divided by m?
39
Let y = -161 - -175. Suppose 0*l + 2*l = 2*k - 12, 4*k - 23 = 3*l. What is the remainder when y is divided by k?
4
Suppose -2*r - 3 = -7, 461 = 5*g - 2*r. What is the remainder when g is divided by 8?
5
Suppose 178*k = 190*k - 132. Suppose 5*c - 120 = c. What is the remainder when c is divided by k?
8
Let s be 1 - ((-12)/(-3))/(-4). Let o be s*(15/6 + -1). Suppose v = o*v - 6. What is the remainder when 4 is divided by v?
1
Let h = 1832 + -1821. What is the remainder when h is divided by (-27)/12*16/(-6)?
5
Suppose 2*w - q = 39, w - 2*q + 4*q = 12. Calculate the remainder when 395 is divided by w.
17
Let z(h) = -6*h - 22. Let w(q) = 5*q + 21. Let v(n) = -7*w(n) - 6*z(n). Let j be v(7). Calculate the remainder when 26 is divided by j/(-28) - (-96)/7.
12
Let w(f) = f**3 + 15*f**2 - 56*f + 5. Calculate the remainder when 286 is divided by w(-18).
40
Let m = 20 + -128. What is the remainder when m/(-5) - (-24)/(-40) is divided by (3/(-9) + -1)*-9?
9
Let x(f) = -81*f - 337. Calculate the remainder when x(-6) is divided by 76.
73
Let b(h) be the first derivative of -h**3/3 - 27*h**2/2 - 27*h - 27. What is the remainder when b(-10) is divided by 12?
11
Let i(u) = 7*u**2 + 3*u + 2. Let l = -5 + 3. Let a be i(l). Let f = a + -6. Calculate the remainder when 87 is divided by f.
15
Suppose 0 = -4*w - 0*w + 8. Suppose -k + 2*k = w. Suppose k*o - 44 = -0*o. Calculate the remainder when o is divided by 8.
6
Let c = 21 + -16. Suppose 35 = 3*u + 5*t + 8, c*u - 4*t - 8 = 0. Calculate the remainder when u is divided by 2.
0
Suppose -5*w + 51 = 6. Suppose -5*p = -2*s - 2 + 10, 0 = -s - p + 4. Suppose s*l - 14 = 118. What is the remainder when l is divided by w?
6
What is the remainder when (263*-2)/(-13 + (-48)/(-4)) is divided by 24?
22
Let q = 33 - 31. Suppose 0 = 3*n + z - 2, 2*z = -5*n + 4*z - 15. Calculate the remainder when n/((q/26)/(-1)) is divided by 6.
1
What is the remainder when 258 is divided by 160*(192/30 - 6)?
2
Let i(d) = d**3 + 24*d**2 + 3*d + 81. What is the remainder when 47 is divided by i(-24)?
2
Let v = -98 - -154. Suppose -47*o + 944 = 51. What is the remainder when v is divided by o?
18
Let i = -11 - -13. Let z(t) = 4*t - 5*t + 10*t**i + 0*t. Calculate the remainder when z(1) is divided by 5.
4
Suppose 31*b - 110 = 26*b. Calculate the remainder when b is divided by 6.
4
Let x = -42 - -140. Let y = x + -90. Calculate the remainder when 47 is divided by y.
7
Suppose 21*v - 51 - 411 = 0. Calculate the remainder when 61 is divided by v.
17
Suppose 1930 = 9*d + 598. What is the remainder when d is divided by 54?
40
Suppose -10 = 4*x - 6*x, 0 = -3*s - 4*x + 74. What is the remainder when 213 is divided by s?
15
Let a = 57 + -55. Suppose o = -q + 1, -12 = a*o - 2. What is the remainder when 20 is divided by q?
2
Let c(v) be the second derivative of 5*v - v**3 + 0 - 1/2*v**2. Calculate the remainder when 42 is divided by c(-2).
9
Let c be ((-234)/(-26))/((-6)/4). Let h(y) = -y**2 - 5*y + 13. Calculate the remainder when 12 is divided by h(c).
5
Let p = -38 + 55. Let b = 8 + p. What is the remainder when b is divided by 40/3*(-12)/(-10)?
9
Let j = 72 - -2. What is the remainder when j is divided by 67?
7
Suppose 21*h - 40*h = -2128. Calculate the remainder when h is divided by 38.
36
Let i(g) = 24*g**3 - 3*g + 4. Let o(v) = -16*v + 3. Calculate the remainder when o(-6) is divided by i(1).
24
Let l(x) = x**3 - x**2 - x + 1. Let g be l(1). Suppose 3*u + g*u - 51 = 0. Let y = 24 - u. Calculate the remainder when 27 is divided by y.
6
Let d be 3/1 + 3 + 1. Suppose d*r + 24 = 8*r. Calculate the remainder when r is divided by 5.
4
Suppose 2*n - 14 = 5*d - 4, 0 = -n - 3*d + 16. Let a = -22 + n. Let p(r) = r**3 + 12*r**2 + 17. Calculate the remainder when p(a) is divided by 9.
8
Let r = -2 - -5. Let x(f) = -5*f + 110. Let k be x(21). Suppose -r*g = -k*g + 78. Calculate the remainder when g is divided by 14.
11
Calculate the remainder when (-3215)/15*(2 + -5) is divided by 15.
13
Let m(p) = -p + 5. Let r be m(7). Let g(v) = 2*v**2. Let h be g(r). Suppose -2*w + 8 = -2*b, w - 6*b = -b - h. What is the remainder when 19 is divided by w?
5
Let b = -24 - 4. Let q = 44 + b. Calculate the remainder when q is divided by -1 + 3/(-3)*-7.
4
Let i(y) = -9*y**2 - 118*y - 10. Suppose -2*j + 15 = 3. Calculate the remainder when j is divided by i(-13).
0
Let k(q) = q**3 + 16*q**2 - 6*q - 12. Suppose 5*f = 5, 3*o - 59 - 68 = 2*f. Calculate the remainder when k(-16) is divided by o.
41
Let a = 1505 + -1366. What is the remainder when a is divided by 32?
11
Let o = -177 + 224. Calculate the remainder when o is divided by 14.
5
Let r be 9/(-21) + (-217)/(-49). Suppose 0 = -3*f - r*b + 144, 4*f - 57 - 107 = 4*b. What is the remainder when 219 is divided by f?
43
Let n(o) = -8*o**2 + 377*o - 14. Calculate the remainder when 890 is divided by n(47).
32
Let m = -741 + 829. What is the remainder when 235 is divided by m?
59
Let b = -22 + 5. Let r = b + -12. Let v = 0 - r. Calculate the remainder when v is divided by 10.
9
Let y(u) = u**2 + 14*u + 32. Let a(j) = -5*j**2 - 55*j - 127. Let p(g) = 2*a(g) + 9*y(g). Calculate the remainder when 50 is divided by p(17).
16
Suppose 0*q - 522 = -3*q. Calculate the remainder when q is divided by 44.
42
Let l = 26 + -11. What is the remainder when 14 is divided by 75/9 - 5/l?
6
Let n(z) = z**2 - 13*z - 12. Let x be n(14). Calculate the remainder when 29 is divided by (-176)/(-22) + x*2/(-2).
5
Let q(o) be the third derivative of o**4/4 - 2*o**3/3 - 6*o**2. Let k be q(-5). What is the remainder when 32 is divided by k/4*(0 + -2)?
15
Let o = -21 + 33. Suppose -2*j = 5*s - 6*j - 28, -s - 1 = -3*j. Suppose 3*p = -4*h + o, -5*p = -2*h - 2 + s. Calculate the remainder when 3 is divided by h.
0
Suppose 0*i = -i + g - 13, -g - 14 = 2*i. Let x = i - -13. Suppose x*y - 41 = -5*n, 2*y - y + 1 = 0. What is the remainder when 17 is divided by n?
8
Let w = 940 + -923. Calculate the remainder when 270 is divided by w.
15
Let d = 744 + -650. Calculate the remainder when 197 is divided by d.
9
Suppose 2*u + 49 = 4*l + 5*u, 5*l - 67 = 2*u. Suppose 0 = 3*t + 4 - l. Suppose t*g + 1 - 55 = 0. What is the remainder when 34 is divided by g?
16
Let s(k) = -k**2 - 6*k + 13. Let j(d) = d. Let x(c) = -12. Let l(f) = -2*j(f) - x(f). Let i be l(9). Calculate the remainder when 38 is divided by s(i).
12
Let w(z) = z**3 - 14*z**2 + 12*z + 17. Let q be w(13). Suppose n - 28 + 187 = 5*k, q*n = 4. Calculate the remainder when 124 is divided by k.
28
Let u be 14/(-7) + 34/1. Let y = u - 7. Let j(g) = 4*g**2 + 3*g + 3. Calculate the remainder when y is divided by j(-2).
12
Suppose 27 = 3*l - 4*c, -l - 5*c + 4 + 24 = 0. Suppose -o = -l - 13. Let p = o - 18. What is the remainder when 23 is divided by p?
7
Suppose 3*a - 4*a + 61 = 0. Suppose -48 = -27*x + 21*x. What is the remainder when a is divided by 12 - -1 - 32/x?
7
Let j = 109 + -83. Calculate the remainder when 336 is divided by j.
24
Let n be (2/(-10))/((-2)/10). Let a = 11 - n. What is the remainder when 27 is divided by a?
7
Suppose -7*r + 9*r - 182 = -2*u, -5*r + 447 = 3*u. What is the remainder when r is divided by 13?
9
Suppose 61 = 13*v - 82. What is the remainder when 72 is divided by v?
6
Suppose 149 = 2*n - t, -2*n + 7*t - 3*t = -158. Suppose 0 = -4*d + n + 3. Suppose h = d - 6. What is the remainder when h is divided by 8?
5
Let x = 917 + -887. What is the remainder when 2159 is divided by x?
29
Let y(s) = s**3 + 7*s**2 + 7*s - 2. Let v be y(-4). Suppose 4*w = -t + 24, -5*t - 4*w + 22 = -v. Calculate the remainder when t is divided by 6 + 10/(-2) + 2.
1
Let y(c) = -2*c**2 + 22*c - 44. What is the remainder when 22 is divided by y(6)?
6
Suppose -7*q - q + 80 = 0. Suppose -g + q*g = 45. Calculate the remainder when g is divided by -3*(-1 - (-2)/(-6)).
1
Let a(k) = -2*k - 11. Let d be a(-10). Calculate the